f 91211715 and 2975?
595
What is the highest common divisor of 177743067 and 14376?
1797
Calculate the highest common divisor of 7522580 and 65.
65
Calculate the greatest common divisor of 1615707 and 10553.
61
Calculate the highest common divisor of 884330 and 819510.
4630
What is the highest common divisor of 156570016 and 7483?
1069
Calculate the greatest common divisor of 644 and 5652724.
28
Calculate the greatest common factor of 2149 and 4080740398.
2149
What is the highest common divisor of 10431 and 635265?
171
Calculate the highest common factor of 2000 and 56246125.
125
What is the greatest common divisor of 496638114 and 28?
14
What is the highest common factor of 625985 and 60?
5
Calculate the greatest common divisor of 327324 and 768.
12
What is the greatest common factor of 1308950 and 42300?
2350
What is the highest common divisor of 2341976 and 27768?
104
What is the highest common divisor of 867862163 and 553?
553
What is the greatest common factor of 403465 and 154907?
589
What is the highest common divisor of 2063367 and 2349?
27
What is the greatest common divisor of 3252741667 and 974?
487
Calculate the greatest common divisor of 27399 and 1197.
3
What is the highest common factor of 5156353 and 30704?
1919
What is the highest common factor of 31118769 and 1305?
261
What is the greatest common factor of 48524229 and 144?
9
What is the highest common divisor of 20400 and 1749504?
816
Calculate the highest common divisor of 235 and 46691915.
235
Calculate the greatest common divisor of 267330 and 3118515.
1005
What is the highest common factor of 21562470 and 40770?
270
Calculate the highest common factor of 5425 and 38371.
1
What is the greatest common factor of 21 and 3728130?
21
Calculate the greatest common factor of 7879002 and 1110.
222
Calculate the highest common factor of 72 and 2844063.
9
Calculate the highest common factor of 24 and 8638296.
24
Calculate the greatest common factor of 2606129226 and 846.
846
What is the highest common divisor of 717457819 and 13?
13
What is the highest common divisor of 59212 and 188116?
524
What is the greatest common divisor of 7385027 and 15293?
373
What is the greatest common divisor of 97489 and 9687328?
5131
Calculate the highest common divisor of 826066395 and 11.
11
What is the highest common divisor of 26375 and 461668?
211
What is the greatest common divisor of 6 and 301093568?
2
Calculate the highest common factor of 26038247 and 872.
109
Calculate the greatest common divisor of 393 and 514661403.
393
What is the highest common divisor of 8017777 and 11891?
1081
What is the highest common divisor of 16749045 and 1080?
135
Calculate the greatest common factor of 30 and 265317670.
10
Calculate the greatest common factor of 69094 and 129596.
358
Calculate the greatest common divisor of 6492795 and 7440.
465
What is the greatest common divisor of 2811763 and 236?
59
What is the greatest common divisor of 64 and 2736042880?
64
What is the highest common divisor of 30060129 and 6039?
2013
What is the greatest common divisor of 27421374 and 782?
34
Calculate the greatest common divisor of 115425 and 106305.
285
What is the highest common divisor of 1763 and 343867?
41
Calculate the highest common divisor of 4465 and 8431565.
235
Calculate the highest common divisor of 9121 and 21163326.
1303
Calculate the highest common factor of 4153624 and 108216.
1336
Calculate the greatest common divisor of 194051 and 125257.
649
Calculate the highest common factor of 25330593 and 54.
3
Calculate the highest common factor of 37275 and 189273.
21
Calculate the highest common divisor of 99828960 and 84.
84
What is the highest common divisor of 5461350 and 21965?
115
What is the greatest common factor of 18 and 30347262?
18
Calculate the greatest common factor of 36391 and 1714001.
151
Calculate the greatest common factor of 33464625 and 7277.
383
Calculate the greatest common divisor of 327975 and 225.
75
Calculate the highest common factor of 443 and 30391572.
443
Calculate the greatest common factor of 1594051 and 1550.
31
What is the greatest common divisor of 9863898 and 10362?
66
What is the greatest common factor of 403 and 157469?
13
What is the highest common factor of 72 and 119274696?
72
Calculate the greatest common divisor of 270 and 685190.
10
What is the highest common divisor of 46 and 6460654?
46
What is the greatest common factor of 2640 and 12377640?
1320
What is the highest common factor of 11826 and 4480218?
54
What is the highest common factor of 290 and 93737425?
145
What is the greatest common divisor of 15162 and 55062?
798
Calculate the highest common factor of 373199046 and 99.
33
What is the greatest common divisor of 986 and 283424?
34
What is the greatest common factor of 5653785 and 120?
15
Calculate the greatest common divisor of 186 and 451338.
6
What is the greatest common divisor of 9881820 and 13065?
195
What is the highest common divisor of 42912906 and 8936?
2234
Calculate the greatest common factor of 185604 and 12884.
4
What is the highest common factor of 9044114 and 151122?
566
Calculate the greatest common divisor of 29 and 130302365.
29
Calculate the highest common factor of 42150836 and 1638.
182
Calculate the greatest common factor of 1177487 and 696.
29
What is the highest common factor of 681 and 14203163?
227
Calculate the greatest common divisor of 27740175 and 2125.
425
Calculate the highest common factor of 35854 and 31113589.
2561
What is the greatest common divisor of 14837274 and 5673?
183
Calculate the highest common factor of 14362408 and 10728.
1192
What is the highest common factor of 2938864 and 42496?
1328
What is the greatest common factor of 59906 and 56?
14
Calculate the highest common divisor of 57065141 and 40362.
6727
What is the greatest common factor of 4230792 and 5184?
648
Calculate the highest common divisor of 253825715 and 18808.
2351
What is the highest common divisor of 83717442 and 37557?
2889
Calculate the highest common factor of 671992542 and 1872.
234
What is the greatest common factor of 19694 and 358448?
86
What is the highest common divisor of 180025069 and 23492?
5873
What is the highest common divisor of 1303500 and 1703556?
948
What is the greatest common factor of 269 and 22306556?
269
Calculate the greatest common factor of 679321 and 8453.
79
What is the greatest common divisor of 4959 and 871602656?
551
Calculate the greatest common divisor of 189700 and 114100.
700
Calculate the highest common factor of 709108 and 10063.
29
Calculate the greatest common factor of 80665 and 677365.
1105
What is the greatest common factor of 56 and 4809720?
8
What is the greatest common factor of 1155426 and 16?
2
What is the greatest common factor of 680364 and 498?
6
Calculate the greatest common factor of 213 and 152134611.
213
What is the highest common divisor of 2755195674 and 66?
66
What is the greatest common factor of 1957416 and 40?
8
Calculate the highest common factor of 5772 and 1851096.
156
What is the greatest common factor of 54952636 and 102?
34
Calculate the highest common divisor of 15390672 and 80938.
6226
Calculate the highest common factor of 600504245 and 11.
11
What is the highest common factor of 2435 and 64047805?
2435
What is the greatest common divisor of 35520 and 338592?
96
What is the highest common divisor of 1394 and 19911814?
82
Calculate the highest common divisor of 20923396 and 147628.
884
Calculate the highest common factor of 63 and 5359077.
9
Calculate the highest common divisor of 170872 and 53000.
424
Calculate the greatest common factor of 282 and 623760453.
141
What is the highest common divisor of 2747 and 142393?
41
What is the highest common divisor of 450 and 2770290?
90
What is the highest common divisor of 33 and 2966298?
3
What is the highest common factor of 11 and 38913666?
11
Calculate the highest common factor of 2352128 and 8.
8
What is the greatest common factor of 335930080 and 2097?
233
Calculate the highest common factor of 355 and 892967.
71
What is the highest common divisor of 2360 and 92150920?
2360
What is the highest common divisor of 26226 and 26102?
62
What is the greatest common factor of 2767841832 and 1776?
888
What is the highest common factor of